*c + 220. Determine u(6).
-21
Let h(b) = -5*b**2 + 3*b - 20. Let g(j) = 6*j**2 - 4*j + 22. Let i(p) = -6*g(p) - 7*h(p). Calculate i(5).
-2
Let i = 73 + -73. Let s(t) be the first derivative of 0*t**2 + 5 - 7/4*t**4 - 1/3*t**3 + i*t. What is s(1)?
-8
Let f(q) = q**3 - 2*q**2 - q. Let j be (-91)/35 + (-4)/10. Let m = -1 + j. Let v be m/14 + (-112)/(-49). Determine f(v).
-2
Let u(x) = x**3 + 6*x**2 + 7*x - 21. Let z(r) = -4*r**3 + r**3 + 0*r**3 - 13*r**2 + r**3 + 40 - 14*r. Let d(p) = -7*u(p) - 4*z(p). Determine d(-9).
5
Let j(t) = -139 + t - 5*t + 146. Let a(w) = 4*w - 8. Let o(l) = 3*a(l) + 4*j(l). Determine o(4).
-12
Let d be -15 + 14 - 17/1. Let i(n) = 2*n + 27. Let l be i(d). Let g(h) = h + 8. What is g(l)?
-1
Let b(n) = -n + 4*n**3 - 3*n**3 - 4*n**2 - 3 + 5. Suppose 4*q = -2*c + 14, -c + 2*q - 6 = -3*c. Let z = 5 + c. What is b(z)?
-2
Let n = -7 + 10. Let k(m) = -5*m**2 - 2*m + 4. Let x(c) = 4*c**2 - 3. Let d(s) = -2*k(s) - 3*x(s). Determine d(n).
-5
Let y(u) be the second derivative of u**4/12 + u**3 - u**2 + 56*u. Give y(-6).
-2
Let m(n) be the first derivative of 0*n**2 - 1/3*n**3 - 7 - 2*n. Give m(-4).
-18
Let y(o) be the first derivative of -o**3/3 - 7*o**2/2 - 8. Let z(b) = 2*b**2 + 36*b - 7. Let m be z(-18). Calculate y(m).
0
Suppose -2*x + q + 63 = 0, -23 = 4*x - q - 154. Let c = x - 41. Let u(b) = -b**2 - 8*b - 6. Determine u(c).
1
Let s(w) = -4*w + 1. Let g(b) = -4*b + 2. Suppose 0 = -4*r - 3 - 9. Let a(j) = r*s(j) + 2*g(j). Suppose -8*l + 10 = -3*l. Determine a(l).
9
Let b(d) = -7*d - 14. Let o be b(-4). Let w be (2/4 - 0)/((-7)/o). Let l(t) = 19*t**3 + t**2 - t - 1. Give l(w).
-18
Let w = -5 + 3. Let g(f) be the first derivative of -f**3/3 - 2*f**2 - 2*f - 97. Give g(w).
2
Let y(f) = -6*f. Let r(l) = -7*l - 2. Let d(z) = 5*r(z) - 6*y(z). What is d(9)?
-1
Let x(r) = -r - 2. Let p(l) = 3 + 13*l - 1 - 14*l. Let j(y) = -y**2 + 12*y - 28. Let h be j(8). Let q be p(h). Give x(q).
0
Let n(j) be the second derivative of 5*j**3/6 + j**2 - 99*j - 1. Give n(8).
42
Let r = -919 - -3138. Let x(s) = -s**3 + r*s**2 - 2225*s**2 + 2*s + 3 + 5. Let o = -16 + 10. Give x(o).
-4
Suppose -4*d + 4 = -0, 3*p - 3*d = 9. Let o(g) be the first derivative of -g**4/4 + 5*g**3/3 - 3*g**2/2 + 3*g - 1313. Give o(p).
7
Suppose 2 = -3*a + 11. Let j(z) = 4 - z**a - 4. Give j(1).
-1
Let j(z) = 2*z**2 + 7*z + 5. Let n = 376 - 381. What is j(n)?
20
Let b(h) = -h**3 - 6*h**2 + 2*h - 18288 + 5*h + 18292. Let g(v) = 7*v**3 - v - 1. Let f be g(-1). What is b(f)?
4
Let g(d) be the second derivative of -1/3*d**3 - 3/10*d**5 - 1/6*d**4 - 31*d - 1/2*d**2 + 0. Determine g(-1).
5
Let r(y) be the third derivative of -y**8/6720 + y**6/720 + y**4/2 + 5*y**2. Let w(m) be the second derivative of r(m). Give w(2).
-6
Let a(y) = 0*y + 2*y + 5 - 3*y. Let l be (4/5)/(-8*(-3)/60). Suppose l*m - 5*m - 18 = 0. Calculate a(m).
11
Let d be (-2 + -3)/(2/(-2)). Suppose -2*i - 3*i = -5*p - 10, -d*i + p = -2. Let l(w) = w + i*w + w. Give l(-5).
-10
Let j(b) = -10*b**2 - 2*b + 4. Let t(m) = -3*m**2 - 2*m + 3. Let c(d) = -j(d) + 3*t(d). Suppose 4 + 6 = 5*k. Let w be (3 + -1)*3 - k. Calculate c(w).
5
Let v(t) = -t**3 + 2*t**2 + 5 + t**2 + 3*t**2 - t. Let b(a) = 7*a**2 - 4*a + 3. Suppose 51*c - 54*c + 3 = 0. Let d be b(c). Calculate v(d).
-1
Let h(s) be the first derivative of 2*s**3/3 - 11*s**2/2 + 13*s + 674. What is h(6)?
19
Let b(x) be the second derivative of 1/20*x**5 - 1/2*x**3 + 0 + 3/2*x**2 + 0*x**4 + 14*x. Let c = -14 - -16. What is b(c)?
5
Suppose 32 = 6*g - 10*g. Let p = 1 - g. Let r be (p/12)/((-4)/(-16)). Let t(h) = 2*h**2 - 2*h - 4. Give t(r).
8
Let g(h) = -19*h**2 - 61*h - 2. Let a be g(-3). Let y(i) = i**2 - 9*i - 12. Calculate y(a).
-2
Let q(l) = -39*l**2 + l + 6*l**2 + 12*l**2 - 6 - l**3 + 12*l**2. Determine q(-9).
-15
Let k(c) = -4*c**3 + 8*c**2 + 4*c + 12. Let r(t) = -t**3 + t**2. Let b(j) = k(j) - 3*r(j). Calculate b(6).
0
Let a(t) = -t**3 - 6*t**2 - 6*t - 5*t**2 + 10*t**2 - 1 - 7*t**2. Determine a(-7).
-8
Let q(b) = 2*b**2 + 2*b**3 - 5*b**3 - 5 - 3*b + 3 + 2*b**3 - 1. What is q(-3)?
51
Suppose -3*c + 69 = 5*r, -6*r + 2*r - 60 = -4*c. Suppose 7*l = l + c. Let q(d) = d - 3. Determine q(l).
0
Let d = -20 + 24. Suppose -c + 4*m = -0*m + d, -3*c - 4*m + 20 = 0. Let x(v) = -v**3 + 5*v**2 - 2*v - 4. Calculate x(c).
4
Let g(r) = -10*r**3 - r**2 - r - 1. Let w = 28 - 20. Suppose 43 = 5*k - 2. Let u = w - k. Give g(u).
9
Let r be (-42)/15*5 + 9. Let q(i) = -3*i**2 - 18*i - 5. Give q(r).
10
Suppose -141*s = -5*b - 138*s + 13, -2*s - 2 = -2*b. Let y(z) = -4*z + 18. Determine y(b).
-2
Let j be (-8)/(-36) + 61/9. Suppose 3*c - 2*l = 12, 3*c - 4*l - 5 - j = 0. Suppose -c*z + z = 12. Let g(p) = -p - 1. Calculate g(z).
3
Let j(w) be the third derivative of 0 - 8*w**2 + 1/6*w**3 + 0*w + 0*w**4 - 1/60*w**5. What is j(-2)?
-3
Let q(f) = -3*f + 19. Suppose 47 = 4*b - 3*m + 17, -3*b + 14 = 2*m. Give q(b).
1
Suppose -23 = -5*p - 8. Let r(l) be the first derivative of 2*l**2 - l - 4. Determine r(p).
11
Suppose -2 = 3*z + 10. Let p = 47 + -47. Let m(l) = 0 + 0*l + p*l + l + 5. Give m(z).
1
Let b = -149 + 151. Let a(m) = -6*m + 2. What is a(b)?
-10
Let t(z) = -5*z - 4*z + 22*z - 4 - 9*z. Calculate t(5).
16
Let t(h) = 501*h - 21*h**2 - 500*h + 10*h**2. Calculate t(-1).
-12
Let b(x) be the third derivative of 1/6*x**3 + 0 - 1/8*x**4 + 14*x**2 + 0*x. Calculate b(-2).
7
Let j(w) = 14*w + 242. Let h be j(-17). Let i(t) = 6*t - 3. Determine i(h).
21
Let q(b) be the third derivative of -7*b**4/24 - b**3/6 + 412*b**2. Let y be -1 + 2 + 1 + -3. Give q(y).
6
Let f(m) be the second derivative of m**5/20 + 5*m**4/12 + m**3/3 + m**2/2 - m. Let q be (36/(-66))/(3/(-33)). Suppose 4*j - q*j = 8. Determine f(j).
9
Let j be (-1)/(2/(4/(-1))). Let q = -102 - -109. Let y(b) = q + b - 1 - 3 - j*b. Give y(2).
1
Let l(p) = 3*p + 5 + 4*p - 3*p - p**2. Let r(g) = g**2 + 5*g - 4. Let x be r(5). Let w = 51 - x. Calculate l(w).
0
Let k(y) be the third derivative of -y**6/720 - y**5/40 + y**4/6 - 15*y**2. Let o(m) be the second derivative of k(m). Give o(3).
-6
Let h be (-3)/6*(-7)/((-28)/(-32)). Let k(c) = 5*c + h + 9*c + 7*c - c**2 - 27*c. Let q = 2 + -7. Calculate k(q).
9
Let r = -1 + 5. Let t(b) = -5 + 3*b**2 - r*b - 4*b**2 - 4*b. Let z be (-8)/(-28) - 88/14. Determine t(z).
7
Let r(n) be the first derivative of -3*n**2/2 - 9*n - 200. Give r(-4).
3
Let p(w) = 47*w**3 + 2*w**2 - 2*w**3 - 4*w - 44*w**3 - 6. What is p(-4)?
-22
Let g(l) = -2*l - 2*l + 2*l + 6 + 3*l. Let w be g(-5). Let q be 5/(-5) + -2 + w. Let p(c) = -c**3 - 3*c**2 - 3*c - 2. Calculate p(q).
0
Let m(x) = x**3 - 2*x**2 - x + 1. Let t(y) = -y - 6. Let s be t(-6). Suppose s = -2*k + 3 + 1. Suppose -1 + 5 = k*j. Give m(j).
-1
Let g(b) = -9 - 7 - 3*b + 4 - 6 + 2*b. Give g(0).
-18
Let k(g) = g**2 - 4*g - 2. Let q(r) = r**2 + 3*r. Let j be q(-3). Let n = j + 2. Let a = 6 - n. What is k(a)?
-2
Let o(s) be the third derivative of s**5/60 + s**4/24 - s**3/2 + s**2. Suppose 4*q + 2*q = 306. Let d = q - 54. Determine o(d).
3
Let r(y) = -2*y. Let f(j) = 7*j + 4. Let v(i) = f(i) + 4*r(i). Determine v(10).
-6
Let f(u) = -u - 1. Suppose 2*y - 17 = 4*j - y, -y - 6 = j. Let k(z) = -1. Let h(r) = j*k(r) + f(r). Let i be (6/(-4))/(2/(-4)). What is h(i)?
1
Suppose 2*d = -2*d + 32. Let n be 8/6*12/d. Let j(c) = -6*c**2 - 4 + n*c + c**3 + 9*c**2 - 6*c**2. Give j(3).
2
Let a(d) = 435*d**2 - 221*d**2 + 3 + 3*d + d**3 - 218*d**2. Let f(v) = -v**3 + 6*v**2 + 3. Let p be f(6). What is a(p)?
3
Let j(d) = -d**3 - 8*d**2 - 6*d + 1. Let p = 31 + -38. Let m = p + 0. Give j(m).
-6
Let w be (54/(-3))/3*(-16)/(-6). Let o be 4/w - (-22)/(-8). Let l(v) = -4*v**2 - 2*v - 7. Let y(z) = z**2 - z + 1. Let q(m) = l(m) + 3*y(m). Determine q(o).
2
Suppose -2*k - 3 = -3*y, -y = -k + 4*k - 1. Let z(w) = w - 1. Let p(q) = -7*q + 8. Let u = 3 + -2. Let f(n) = u*p(n) + 6*z(n). Give f(k).
2
Let s be 9/(-6) + (-54)/(-12). Let l(v) = v**2 + 7*v + 0 - 6 - s*v. What is l(-5)?
-1
Suppose 0 = 6*p - 2*p. Let c be p/(-2) - (-5 + 3). Let x(a) = -a**3 + 0*a**2 + 4*a**c - 5*a**2. Calculate x(0).
0
Let p(c) = -2*c - 2 + 2 + c**3 - 1 + 0*c**3. Let a be 3/(-15) - (-18)/(-10). Let j = a + 0. Determine p(j).
-5
Let v(d) be the first derivative of 5*d**3 + d**2 + d - 2. Give v(-1).
14
Let q be (0 - 0)*(-20)/60. Let v(h) be